 = 4*u - 135. Let w = 73 - u. What is the remainder when 86 is divided by w?
20
What is the remainder when (60 + 2)*2/4 is divided by -14*((-36)/42 + 0)?
7
Let r(y) = y**2 - 6*y. Let c be r(6). Suppose c = 2*j - 4 - 2. Let g(f) = 8*f - 3. What is the remainder when g(1) is divided by j?
2
Suppose -2*a - f = -34, -a - 2*a + 38 = -5*f. Let y(u) = -9 - 4*u - 3 + 3 - 5*u. What is the remainder when y(-6) is divided by a?
13
Suppose -2*a - 16 = 3*b, 5*a + b + 32 = -21. Let h = a - -14. Suppose -4*n + 8*n + 2*i - 26 = 0, 5 = i. Calculate the remainder when n is divided by h.
1
Suppose 2*o - 9*o + 385 = 0. What is the remainder when o is divided by 18?
1
Suppose 9*m + 131 = 392. Calculate the remainder when 166 is divided by m.
21
Suppose -4*l = 2*g - 24, g + 0*l = 3*l - 3. Suppose 137 = 2*z - m, 3*z = -3*m + 198 - g. What is the remainder when z is divided by 18?
13
Let p(j) = 16*j + 3. Let r(l) = -l**2 + 33*l + 497. What is the remainder when p(3) is divided by r(44)?
12
Let n be -5*(-1 + -2 + 2). Suppose -n*g + 58 + 2 = 0. What is the remainder when (18/(-54))/(3/(-198)) is divided by g?
10
Let w = 55 + -63. Suppose 3*o - 116 = o. What is the remainder when o is divided by ((-10)/w)/((-70)/24 - -3)?
13
Suppose 8*l + 83 = 4*n + 3*l, -l = -5*n + 88. Suppose 299 = -v + 305. Calculate the remainder when n is divided by v.
5
Let p = -154 + 226. Let r(t) = t + 13. Calculate the remainder when p is divided by r(12).
22
Let b = -752 - -528. Let l = 388 + b. Suppose 5*a - l = 51. Calculate the remainder when a is divided by 11.
10
Suppose 317*o - 8 = 315*o. Let j = 5 + -2. What is the remainder when o is divided by j?
1
Suppose -133*n + 56 = -2604. What is the remainder when 172 is divided by n?
12
Let b = 1004 - 616. Suppose 6*h - 50 - b = 0. What is the remainder when h is divided by 19?
16
Suppose 9748 = 12*u - 2912. What is the remainder when u is divided by 96?
95
Suppose -5*j + 18 - 8 = 0. Let n be (2/(-1))/(j/(-88)). Calculate the remainder when 85 is divided by (-1)/((-4)/n*1).
19
Let t be 32/2 + (3 - 1). Suppose -25 = -3*z - w + 19, -t = -z - w. Let h(f) = f**3 + 12*f**2 + 15*f - 12. What is the remainder when h(-10) is divided by z?
12
Let y(m) = -m**3 + 5*m**2 + 12*m - 4. Let i be y(7). Calculate the remainder when 30 is divided by (-202)/i + (-42)/189.
8
Suppose -7*l - 55 - 50 = 0. Calculate the remainder when 34 is divided by (-3)/(l/35) - -5.
10
Calculate the remainder when (-316)/(-4) + 12/(-3 + -1) is divided by 41.
35
Suppose h = 2 + 1. Suppose -4 = 5*k + 16, 3*z - k = 13. Suppose -45 = -z*m - h. Calculate the remainder when 40 is divided by m.
12
Let d(z) = 2*z - 4. Let m be d(-4). Let g(f) = f**3 + 11*f**2 - 10*f + 9. Let r be g(m). Calculate the remainder when 12 is divided by ((-5)/r)/(2/18).
0
Calculate the remainder when 61 is divided by (-6)/14 + (-807)/(-21).
23
Suppose -4*s - z = 2*z - 189, -z = -s + 49. Let j = s + -30. Calculate the remainder when 88 is divided by j.
16
Let z = -1343 + 1369. Calculate the remainder when 310 is divided by z.
24
Let k(l) = -l**2 + 4*l + 2. Let v be k(4). Calculate the remainder when 0 + -1 + -5 + 53 is divided by -2*(-1)/v - -6*4.
22
What is the remainder when (12 - 720/84)/(2/7) is divided by 7?
5
Suppose -8 = -7*o + 5*o. Suppose -d + o*v = -22, -9*d = -6*d - 3*v - 21. Calculate the remainder when 6 is divided by d.
0
Let l be 59 + (-2)/(-3 - -5). Suppose 5*b = -5*j + 30, -3*b + b = -5*j + l. What is the remainder when 67 is divided by j?
7
Suppose -4*k = -3*p + 2562 - 321, p + 4*k = 763. What is the remainder when p is divided by 16?
15
Let b(a) = a**3 - 6*a**2 - 16*a + 5. Let d be b(8). Suppose 87 = -2*r + d*r. Calculate the remainder when 54 is divided by r.
25
Suppose 0*c = -3*t + 4*c + 2, -2*t - 3*c - 27 = 0. What is the remainder when 30 is divided by (2 - (-35)/(-10))*t?
3
Let z = -291 + 304. What is the remainder when 167 is divided by z?
11
Let h be 0*4/(-12) + 41. Suppose 5*g - 20 - 5 = -3*l, 0 = 4*l - g - h. What is the remainder when 13 is divided by l?
3
Let s = -87 - -107. What is the remainder when (262/(-5))/((-8)/s) is divided by 44?
43
Suppose -9 + 3 = -3*d. Suppose d*j - 50 = -3*j. What is the remainder when 24 is divided by (-4)/j - 188/(-20)?
6
Let p(y) = y - 1. Let o be p(7). Let n(m) = 2 + 27*m - 70*m - o + 3. What is the remainder when n(-1) is divided by 11?
9
Let g = -457 + 566. What is the remainder when 755 is divided by g?
101
Suppose -4*y = z - 35, -22 = -z - 3*y + 13. Let f = z - -10. Calculate the remainder when f is divided by 17.
11
Let p be 15/20 + (-18)/(-8) + 1. Suppose p*d + 0*m = -m + 65, 5*d + 2*m - 85 = 0. What is the remainder when 27 is divided by d?
12
Suppose 0 = 3*g - 16*g + 897. What is the remainder when g is divided by 10?
9
Let l = 65 + -88. Let q = l - -109. Calculate the remainder when q is divided by 30.
26
Let w(q) = -1 + 1 - q**3 + 2 + 10*q**2 - 9*q. Let b = -9 + 15. What is the remainder when b is divided by w(9)?
0
Let d(r) = r**3 - 17*r**2 + 17*r - 12. Let l be d(16). Suppose -20 = -4*g - l. What is the remainder when 5 is divided by g?
1
Suppose -3*x + 44 = 17. Calculate the remainder when (6/3*(-17 + 0))/(-2) is divided by x.
8
Suppose 2*n - 90 = -5*g, -3*g = -2*n - 53 - 1. Suppose c = 8 + g. Suppose h = 3*h - c. Calculate the remainder when 50 is divided by h.
11
Suppose 0 = 4*q - 26 - 10. Let v = 19 - q. What is the remainder when 49 is divided by v?
9
What is the remainder when 121 is divided by -66*4/(-8) - -8?
39
Calculate the remainder when 8/(-5)*(-13 + 8) is divided by ((-60)/(-55))/(6/33).
2
What is the remainder when 61 is divided by 3 + ((-6)/6 - -7)?
7
Suppose 3*v = 9 + 3. Calculate the remainder when 2 is divided by (v + (-1 - 1))*1.
0
Let u be (-27)/(-18) + 602/4. Suppose 0 = -5*z + u + 33. What is the remainder when z is divided by 19?
18
Suppose 3*m - 87 = -0*m. Suppose g = -5*y + 130, -2*y = -3*g - 4*y + 351. What is the remainder when g is divided by m?
28
Let v = -284 + 424. What is the remainder when v is divided by 33?
8
Let p be (17 - (1 - 0)) + 5. Let l be -6*(1/3 - 1). Suppose -j + p = -2*c, -c = -9*j + l*j + 141. Calculate the remainder when j is divided by 16.
13
Suppose -5*s - 4*a + 577 = 0, s - 3*a - 104 = -0*a. Suppose 117*m - 72 = s*m. Calculate the remainder when m is divided by 7.
4
Let g(d) = d**3 - 6*d + 6. Let w be g(5). Let m = 149 - w. Suppose -m = -q + 26. What is the remainder when q is divided by 19?
17
What is the remainder when 179 is divided by (11/5 - 2) + 4416/120?
31
Let f be 4*-7 + (-1 - 1). Let k = 5 + f. What is the remainder when 39 is divided by (-1)/5 + (-205)/k?
7
Suppose 4*t + 8 = 60. Let k = t - 13. Suppose -5*y = 5*q - 130, -2*y + 0*y + 5*q + 80 = k. What is the remainder when y is divided by 11?
8
Suppose 0 = -266*u + 265*u + 2*m + 475, 2403 = 5*u - 3*m. What is the remainder when u is divided by 81?
78
Suppose -6*i + 2*t - 9 = -7*i, 3*i + 5*t = 28. What is the remainder when 571 is divided by i?
10
Let k be (-35)/2*8/(-5). Suppose 2*n = -2*n + k. Let w(l) = -l**3 + 10*l**2 - 22*l + 2. What is the remainder when w(5) is divided by n?
3
Let i(x) = 25*x**2 - 4*x + 22. Calculate the remainder when i(3) is divided by 68.
31
Suppose -17*x + 12*x + 61 = 4*z, 3*x - 4*z = 43. What is the remainder when 95/3 - 2/(-6) is divided by x?
6
Let q = 378 + -358. What is the remainder when 99 is divided by q?
19
What is the remainder when 11 is divided by (12/(-10)*3)/((-262)/655)?
2
Calculate the remainder when 64 is divided by (1989/78)/(2/4*3).
13
Let i(c) = -c**3 + c**2. Let p(h) = 5*h**3 + h**2 - 4*h + 8. Let m(z) = -4*i(z) - p(z). Suppose 5*t - 6 = 4. Calculate the remainder when m(-6) is divided by t.
0
Suppose -5*a + 1 = -39. Let w(k) = -2*k**3 + 35*k**2 - 75*k + 31. What is the remainder when w(15) is divided by a?
7
Suppose -4*p - 138 = -5*b - p, -4*p = -b + 31. Suppose 2*n - 65 - b = 0. Calculate the remainder when n is divided by 8.
6
Suppose 0 = -3*z + 3. Suppose 14 = -6*t - 40. What is the remainder when z is divided by ((-6)/t)/(6/9)?
0
Suppose -f - 62 = -3*p, 2*f = 6*p - 2*p - 82. Suppose -50 = -5*m + 8*h - 3*h, h - 50 = -5*m. What is the remainder when p is divided by m?
1
Let r(f) = 3*f + 2. Let n be r(-8). Suppose 3*d = -d - 12. What is the remainder when -1*d/(-2)*n is divi